. Determine t(5).
-19
Let o(b) = -632*b - 5063. What is o(-8)?
-7
Let d(k) = k**3 + 41*k**2 + 181*k + 16. What is d(-36)?
-20
Let c(n) = -26*n + 315. Give c(13).
-23
Let q(y) = 9*y**2 + 281*y + 547. Give q(-29).
-33
Let b(a) = 2*a**3 + 25*a**2 - 12*a - 67. Give b(-14).
-487
Let d(h) = h**3 - 2*h**2 - 86*h - 270. Determine d(-3).
-57
Let t(v) = -8*v + 125. Determine t(16).
-3
Let p(z) = -153*z + 1399. Give p(9).
22
Let o(y) = 2*y + 103. What is o(-36)?
31
Let j(b) = -b**2 - 7*b + 339. Calculate j(15).
9
Let l(s) = -5*s**3 - 216*s**2 + 214*s + 2. Calculate l(1).
-5
Let i(b) = -b**3 - 12*b**2 - 18*b - 33. What is i(-9)?
-114
Let g(w) = -4*w**3 + 3*w**2 - 9*w + 28. Determine g(2).
-10
Let x(r) = 8*r**3 - 58*r**2 + 12*r + 25. Calculate x(7).
11
Let z(y) = -y**3 - 7*y**2 - 7*y - 1. Give z(-6).
5
Let y(x) = x**3 + 36*x**2 - 38*x - 60. Calculate y(-37).
-23
Let c(w) = 28*w - 88. Determine c(11).
220
Let f(t) = 2438*t - 14623. Calculate f(6).
5
Let o(g) = 153*g**3 - g**2 - 26*g - 26. What is o(-1)?
-154
Let d(p) = p**2 + 417*p + 8270. Give d(-21).
-46
Let d(x) = 12*x**2 - 131*x - 28. Determine d(11).
-17
Let z(o) = -2*o**3 - 10*o**2 + 6*o + 14. Give z(-2).
-22
Let z(d) = d**3 + 42*d**2 + 383*d - 217. Determine z(-28).
35
Let i(r) = -r**2 - 5*r + 36. Calculate i(-13).
-68
Let h(l) = -3541*l - 7081. Calculate h(-2).
1
Let z(f) = 72*f**3 - 3*f - 4. Calculate z(-1).
-73
Let x(m) = 15*m**2 + 70*m - 4. Calculate x(-5).
21
Let r(h) = -2*h**3 + 116*h**2 - 103*h - 639. Calculate r(57).
-12
Let k(u) = -2*u**2 - 2*u + 12. Determine k(0).
12
Let k(n) = -3*n**3 - 159*n**2 - 121. Give k(-53).
-121
Let h(a) = -a**3 + 10*a**2 + 323*a - 2701. What is h(8)?
11
Let z(m) = 13*m**2 - 186*m + 24. Give z(14).
-32
Let y(d) = -d**2 + 42*d - 218. Determine y(36).
-2
Let z(w) = -2*w**3 - 34*w**2 + 39*w + 64. Give z(-18).
10
Let h(i) = -12*i - 264. Calculate h(-25).
36
Let c(w) = 3*w**2 + 37*w + 178. Give c(-9).
88
Let h(i) = i**3 - 28*i**2 - 84*i - 302. What is h(31)?
-23
Let b(i) = -i**2 + 16*i - 31. Determine b(9).
32
Let v(x) = 2*x**2 + 48*x + 34. Give v(-14).
-246
Let r(p) = 61*p + 904. Determine r(-15).
-11
Let x(i) = 52*i - 2145. Determine x(42).
39
Let n(v) = 2*v**3 + 6*v**2 + 8*v - 7. Calculate n(-3).
-31
Let f(k) = -9*k**2 + 133*k - 459. Give f(5).
-19
Let z(o) = o**2 + 158*o + 2010. Give z(-14).
-6
Let n(t) = -384*t - 3041. Determine n(-8).
31
Let z(w) = 29*w**2 + 287*w - 726. What is z(-12)?
6
Let c(w) = -76*w + 219. Calculate c(5).
-161
Let c(b) = 14188*b - 56769. What is c(4)?
-17
Let b(d) = d**3 - 7*d**2 + 133*d - 929. Calculate b(7).
2
Let k(y) = -y**3 + 3*y**2 + 69*y + 20. Determine k(10).
10
Let o(w) = 2*w**3 - 43*w**2 + 44*w - 339. Give o(21).
144
Let a(h) = 23*h + 14. Determine a(4).
106
Let x(r) = 82*r - 322. Calculate x(10).
498
Let i(f) = 7*f**2 + 233*f - 90. Calculate i(-34).
80
Let i(x) = -2*x**2 - 26*x - 207. Determine i(-11).
-163
Let t(k) = -81*k + 909. Determine t(11).
18
Let m(w) = w**3 + 3*w**2 + w - 47. Determine m(6).
283
Let v(b) = -9*b**2 - 28*b + 87. Calculate v(2).
-5
Let n(t) = 15*t + 784. Calculate n(-51).
19
Let i(t) = 3*t**2 - 55*t - 2594. Determine i(40).
6
Let h(p) = -604*p + 1692. Give h(3).
-120
Let y(d) = d**3 - 34*d**2 + 89*d + 116. Give y(31).
-8
Let c(g) = g**3 - 41*g**2 - 32*g - 51. Determine c(42).
369
Let s(u) = u**3 + 18*u**2 + 9*u + 177. What is s(-18)?
15
Let d(a) = a**3 - 11*a**2 - 38*a - 26. Calculate d(15).
304
Let s(b) = 442*b - 4448. Calculate s(10).
-28
Let x(j) = -j**2 + 54*j - 171. What is x(50)?
29
Let l(z) = 2*z**2 - 9*z - 19. Give l(9).
62
Let b(l) = 2*l**2 - 63*l + 337. Give b(6).
31
Let z(f) = 7*f**2 - 24*f - 18. Determine z(6).
90
Let i(r) = -136*r - 17. Determine i(1).
-153
Let h(b) = b**3 + b**2 + 4*b + 116. Give h(0).
116
Let v(y) = -97*y + 575. Give v(6).
-7
Let m(o) = -16*o**2 + 1131*o + 356. Determine m(71).
1
Let p(f) = 46*f + 793. Give p(-18).
-35
Let s(i) = -i**2 + 2084*i + 16749. What is s(-8)?
13
Let d(a) = 48*a - 93. What is d(3)?
51
Let b(r) = -5*r**3 - 5*r**2 + 8*r + 12. Calculate b(-1).
4
Let x(g) = -15*g - 642. Determine x(-41).
-27
Let f(t) = 39*t**2 - 135*t + 3. Give f(3).
-51
Let n(h) = -h**2 - 76*h + 393. Give n(5).
-12
Let c(t) = -t**3 + 45*t**2 - 43*t + 10. Give c(44).
54
Let t(f) = -62*f**2 - 129*f - 12. Calculate t(-2).
-2
Let u(m) = m**3 - 20*m**2 + 10*m - 3. Calculate u(19).
-174
Let k(f) = f**2 + 108*f + 803. What is k(-8)?
3
Let o(h) = 96*h + 582. Give o(-6).
6
Let i(v) = -44*v**2 - 435*v + 29. Determine i(-10).
-21
Let o(b) = -12*b**2 + 694*b + 122. Give o(58).
6
Let r(j) = -j**3 + 14*j**2 - 49*j - 18. Calculate r(10).
-108
Let a(s) = 4*s**3 + 17*s**2 + s - 17. Give a(-5).
-97
Let c(k) = k**3 + 25*k**2 - 1646*k + 136. Calculate c(-55).
-84
Let r(j) = -407*j + 2335. What is r(6)?
-107
Let c(y) = -58*y + 52. Calculate c(1).
-6
Let o(x) = -x**2 + 40*x + 102. Give o(35).
277
Let s(w) = 34*w + 389. Determine s(0).
389
Let q(f) = 8350*f - 258851. Calculate q(31).
-1
Let n(d) = -2*d**3 + 63*d**2 - 32*d + 28. Calculate n(31).
-3
Let u(l) = -l**3 - 21*l**2 - 33*l - 318. Give u(-21).
375
Let l(q) = 35*q + 303. Give l(-7).
58
Let n(w) = -29*w**2 + 147*w - 1. Give n(5).
9
Let j(x) = 5*x**2 - 54*x - 104. Calculate j(-2).
24
Let g(l) = -244*l**3 + 3*l**2 + l - 3. What is g(1)?
-243
Let z(f) = -1206*f - 30223. Give z(-25).
-73
Let z(n) = -2*n**3 + 47*n**2 - 30*n + 10. What is z(23)?
-151
Let a(l) = -7*l + 9. Calculate a(-9).
72
Let f(q) = 920*q - 839. Give f(1).
81
Let w(s) = s**2 + 18*s - 181. Determine w(-26).
27
Let w(k) = 6*k - 209. Determine w(40).
31
Let u(g) = -g**3 - 91*g**2 - 179*g - 59. Determine u(-89).
30
Let v(t) = -2*t**3 + 5*t**2 + 10*t - 1. Calculate v(4).
-9
Let v(b) = 3*b**2 + 10*b - 148. Calculate v(6).
20
Let k(l) = -l**3 - 15*l**2 - 47*l + 23. What is k(-7)?
-40
Let z(m) = m**3 + 11*m**2 + 20*m + 155. Calculate z(-10).
55
Let o(v) = v**3 + 115*v**2 - 24*v - 2764. Determine o(-115).
-4
Let j(m) = -18*m + 189. Determine j(11).
-9
Let a(m) = -2*m**3 + 54*m**2 + 54*m + 29. Give a(28).
-27
Let n(r) = -898*r + 2820. Calculate n(3).
126
Let l(r) = -16*r + 134. Calculate l(8).
6
Let f(a) = a**3 + 63*a**2 + 95*a - 1683. What is f(-61)?
-36
Let d(v) = -v**2 - 591*v + 36271. Give d(56).
39
Let g(o) = 2*o**2 + 54*o + 71. What is g(-26)?
19
Let c(r) = -r**3 - 2*r**2 + 169*r - 169. Calculate c(1).
-3
Let q(a) = -a**2 + 26*a - 96. Give q(4).
-8
Let z(k) = 25*k + 2225. Calculate z(-89).
0
Let o(j) = 280*j - 4753. Calculate o(17).
7
Let w(y) = -65*y - 2. Give w(-1).
63
Let u(c) = -119*c - 590. What is u(-6)?
124
Let z(f) = -41*f - 1791. Determine z(-44).
13
Let i(u) = u**3 + 11*u**2 + 4*u - 15. Give i(-10).
45
Let f(w) = -34*w**2 + 491*w + 521. Determine f(-1).
-4
Let v(j) = -4731*j + 30. Calculate v(0).
30
Let t(a) = a**3 - 927*a**2 - 926*a. Calculate t(-1).
-2
Let x(a) = a**3 + 8*a**2 + 3*a - 56. Determine x(-6).
-2
Let s(c) = -4*c**3 + 34*c**2 + 45*c + 4. Calculate s(-1).
-3
Let d(u) = -30*u**2 + 1682*u - 90. Give d(56).
22
Let h(j) = -13*j**2 - 13*j + 24. Calculate h(4).
-236
Let c(t) = t**2 + 321*t + 7425. What is c(-25)?
25
Let g(s) = 6*s**2 - 91*s - 35. Determine g(13).
-204
Let p(s) = -4*s**2 + 34*s - 49. Calculate p(7).
-7
Let m(l) = 3*l**2 + 719*l - 2180. Give m(3).
4
Let i(s) = 253*s + 87. Calculate i(-1).
-166
Let n(l) = -17*l**2 + 322*l - 26. Give n(20).
-386
Let m(a) = -99*a + 925. Calculate m(11).
-164
Let b(y) = -5*y**2 - 77*y + 225. Calculate b(3).
-51
Let t(g) = 15*g - 47. What is t(-6)?
-137
Let v(d) = -d + 112. Calculate v(-20).
132
Let n(y) = -94*y + 95. Determine n(5).
-375
Let d(p) = -p**3 + 5*p**2 - 305*p + 1870. What is d(6)?
4
Let p(f) = -f**2 + 19*f - 64. Calculate p(14).
6
Let w(t) = t**2 + 60*t + 137. Give w(-58).
21
Let t(s) = s**2 + 187*s + 1762. Determine t(-10).
-8
Let h(s) = -s**3 - 58*s**2 - 9*s - 494. Give h(-58).
28
Let u(m) = 11192*m + 7. Calculate u(0).
7
Let b(y) = -27*y**2 - 6856*y + 498. What is b(-254)?
-10
Let t(z) = -28*z**2 - 11*z - 12. Determine t(-2).
-102
Let p(r) = r**2 + 55*r + 376. Determine p(-47).
0
Let x(f) = -f**3 + 29*f**2 - 102*f + 1. Give x(4).
-7
Let a(b) = -140*b + 866. Give a(6).
26
Let i(b) = -2*b**2 - 131*b - 1969. Calculate i(-24).
23
Let a(r) = -30*r**2 + 73*r - 16. Give a(2).
10
Let f(y) = 2*y**2 - 210*y - 1771. Calculate f